?
True
Does 28 divide 9023?
False
Does 27 divide 484?
False
Does 6 divide 287?
False
Does 103 divide 1957?
True
Is 10 a factor of 860?
True
Is 17 a factor of 1088?
True
Is 2776 a multiple of 3?
False
Is 274 a multiple of 7?
False
Is 125 a factor of 5750?
True
Does 31 divide 1244?
False
Is 729 a multiple of 27?
True
Does 58 divide 1639?
False
Is 7 a factor of 3709?
False
Is 1268 a multiple of 12?
False
Is 170 a multiple of 5?
True
Is 1040 a multiple of 13?
True
Is 264 a multiple of 17?
False
Is 67 a multiple of 9?
False
Is 58292 a multiple of 13?
True
Is 4450 a multiple of 78?
False
Does 5 divide 824?
False
Is 12 a factor of 19065?
False
Does 13 divide 10305?
False
Is 109 a factor of 23141?
False
Is 1254 a multiple of 33?
True
Is 3 a factor of 311?
False
Is 368 a multiple of 16?
True
Is 13517 a multiple of 183?
False
Does 16 divide 3072?
True
Is 4028 a multiple of 53?
True
Is 19 a factor of 7524?
True
Is 19 a factor of 38409?
False
Does 12 divide 714?
False
Is 142 a multiple of 71?
True
Is 82 a factor of 18286?
True
Is 15 a factor of 255?
True
Does 43 divide 129?
True
Is 7665 a multiple of 219?
True
Does 32 divide 2347?
False
Is 4949 a multiple of 31?
False
Is 24 a factor of 17663?
False
Is 10 a factor of 14022?
False
Is 176 a multiple of 30?
False
Is 4601 a multiple of 43?
True
Does 11 divide 270?
False
Is 6173 a multiple of 7?
False
Is 310 a multiple of 10?
True
Is 14 a factor of 2478?
True
Is 128 a multiple of 32?
True
Is 24 a factor of 11856?
True
Is 10416 a multiple of 42?
True
Does 4 divide 136?
True
Is 30 a factor of 31710?
True
Is 12 a multiple of 6?
True
Is 496 a multiple of 3?
False
Does 216 divide 27388?
False
Is 2728 a multiple of 11?
True
Is 22 a factor of 1566?
False
Is 28 a factor of 13580?
True
Is 328 a multiple of 5?
False
Is 40 a factor of 5052?
False
Does 14 divide 1189?
False
Does 88 divide 53637?
False
Is 336 a multiple of 42?
True
Is 29700 a multiple of 44?
True
Does 11 divide 41789?
True
Is 82 a factor of 1038?
False
Is 2121 a multiple of 39?
False
Is 29278 a multiple of 24?
False
Does 29 divide 1102?
True
Does 44 divide 716?
False
Is 2394 a multiple of 19?
True
Does 34 divide 3570?
True
Does 5 divide 395?
True
Is 21 a factor of 47880?
True
Is 9673 a multiple of 17?
True
Is 8 a factor of 968?
True
Does 67 divide 1742?
True
Is 101836 a multiple of 9?
False
Is 30 a factor of 2430?
True
Is 3 a factor of 230?
False
Does 40 divide 9235?
False
Is 531 even?
False
Does 23 divide 17917?
True
Does 65 divide 14302?
False
Does 62 divide 992?
True
Is 4786 a multiple of 27?
False
Is 500 a multiple of 8?
False
Does 92 divide 184?
True
Does 207 divide 4441?
False
Is 142 a factor of 4118?
True
Does 12 divide 672?
True
Is 82 a factor of 48134?
True
Does 3 divide 57?
True
Is 5520 a multiple of 9?
False
Is 51 a factor of 207?
False
Is 44 a factor of 19888?
True
Is 100 a factor of 22379?
False
Is 186 a factor of 20088?
True
Is 78 a multiple of 6?
True
Is 345 a multiple of 3?
True
Is 48832 a multiple of 13?
False
Does 11 divide 120164?
True
Does 10 divide 72720?
True
Does 45 divide 2565?
True
Is 1917 a multiple of 20?
False
Is 21 a factor of 819?
True
Is 11 a factor of 13900?
False
Is 301 a multiple of 30?
False
Does 72 divide 3657?
False
Is 1860 a multiple of 14?
False
Is 1264 a multiple of 16?
True
Does 7 divide 288?
False
Is 135 a factor of 14495?
False
Is 9 a factor of 805?
False
Is 12 a factor of 73?
False
Is 16281 a multiple of 9?
True
Does 119 divide 2499?
True
Does 12 divide 1916?
False
Is 82 a factor of 3441?
False
Is 486 a multiple of 18?
True
Is 11275 a multiple of 74?
False
Is 1104 a multiple of 6?
True
Does 123 divide 16008?
False
Is 2280 a multiple of 8?
True
Does 71 divide 464?
False
Is 7 a factor of 140?
True
Does 70 divide 8330?
True
Is 6248 a multiple of 71?
True
Does 17 divide 3077?
True
Is 27537 a multiple of 86?
False
Does 6 divide 504?
True
Is 1314 a multiple of 4?
False
Does 24 divide 8203?
False
Does 5 divide 220?
True
Is 27 a factor of 42795?
True
Is 23 a factor of 345?
True
Does 9 divide 13815?
True
Does 23 divide 44620?
True
Is 162 a multiple of 6?
True
Is 9 a factor of 3285?
True
Does 14 divide 6048?
True
Is 803 a multiple of 45?
False
Is 14 a factor of 7994?
True
Is 4602 a multiple of 6?
True
Is 3282 a multiple of 35?
False
Is 26 a factor of 14456?
True
Does 6 divide 4781?
False
Is 28 a factor of 320?
False
Is 21 a factor of 7007?
False
Is 302 a multiple of 21?
False
Is 58 a factor of 902?
False
Is 806 a multiple of 26?
True
Is 983 a multiple of 50?
False
Does 22 divide 58190?
True
Is 79517 a multiple of 31?
False
Does 75 divide 3568?
False
Is 15 a factor of 13000?
False
Does 18 divide 3962?
False
Is 22 a factor of 66?
True
Does 13 divide 663?
True
Is 7023 a multiple of 56?
False
Is 15 a factor of 22470?
True
Does 24 divide 9696?
True
Is 39 a factor of 5850?
True
Does 5 divide 185?
True
Does 10 divide 2467?
False
Is 46 a factor of 10350?
True
Is 31 a factor of 682?
True
Is 2 a factor of 450?
True
Does 25 divide 1261?
False
Does 14 divide 41132?
True
Does 8 divide 14235?
False
Does 101 divide 4457?
False
Is 333 a factor of 91208?
False
Does 23 divide 100959?
False
Is 26 a factor of 17550?
True
Does 52 divide 743?
False
Is 48912 a multiple of 16?
True
Is 687 a multiple of 26?
False
Is 27 a factor of 12717?
True
Does 31 divide 3026?
False
Does 5 divide 1147?
False
Is 9144 a multiple of 18?
True
Does 12 divide 732?
True
Is 5 a factor of 70?
True
Is 5940 a multiple of 9?
True
Is 7927 a multiple of 186?
False
Is 71888 a multiple of 32?
False
Does 83 divide 18150?
False
Does 98 divide 71665?
False
Is 12 a factor of 1116?
True
Is 167 a multiple of 33?
False
Is 462 a multiple of 7?
True
Is 203 a multiple of 34?
False
Is 9 a factor of 2090?
False
Is 418 a multiple of 42?
False
Does 6 divide 39972?
True
Is 473 a multiple of 5?
False
Is 2 a factor of 8533?
False
Is 790 a multiple of 10?
True
Is 8211 a multiple of 17?
True
Does 4 divide 84?
True
Is 612 a multiple of 42?
False
Does 177 divide 1416?
True
Is 76176 a multiple of 18?
True
Does 54 divide 6274?
False
Does 18 divide 55797?
False
Does 12 divide 96?
True
Does 27 divide 13138?
False
Does 37 divide 21659?
False
Does 80 divide 9127?
False
Is 855 a multiple of 13?
False
Does 46 divide 2208?
True
Is 6 a factor of 342?
True
Is 22654 a multiple of 217?
False
Is 18 a factor of 2142?
True
Is 56 a factor of 1232?
True
Is 51 a factor of 2555?
False
Does 23 divide 8165?
True
Is 3 even?
False
Does 29 divide 58?
True
Is 5026 a multiple of 24?
False
Does 11 divide 421?
False
Is 1720 a multiple of 25?
False
Is 15 a factor of 3885?
True
Is 76 a multiple of 12?
False
Is 8987 a multiple of 209?
True
Is 12 a factor of 781?
False
Does 15 divide 888?
False
Does 97 divide 1035?
False
Does 104 divide 3120?
True
Is 22 a factor of 25370?
False
Is 14 a factor of 4985?
False
Is 5840 a multiple of 20?
True
Is 63 a factor of 18522?
True
Does 277 divide 77006?
True
Does 20 divide 2660?
True
Does 29 divide 704?
False
Is 13 a factor of 5100?
False
Does 81 divide 729?
True
Does 43 divide 14003?
False
Does 36 divide 77?
False
Is 8 a factor of 267?
False
Is 11178 a multiple of 46?
True
Is 27500 a multiple of 101?
False
Does 11 divide 91864?
False
Does 23 divide 3174?
True
Is 25 a factor of 37490?
False
Is 69 a factor of 13800?
True
Does 22 divide 267?
False
Is 19 a factor of 4937?
False
Does 14 divide 196?
True
Is 80 a factor of 1026?
False
Is 5110 a multiple of 35?
True
Is 1742 a multiple of 67?
True
Is 85 a multiple of 7?
False
Does 38 divide 13254?
False
Does 8 divide 1834?
False
Is 12350 a multiple of 7?
False
Is 4691 a multiple of 11?
False
Does 77 divide 7546?
True
Does 186 divide 3906?
True
Does 14 divide 36764?
True
Is 15 a factor of 765?
True
Is 44 a factor of 11132?
True
Is 594 a multiple of 17?
False
Is 11 a factor of 43763?
False
Is 52 a factor of 3955?
False
Is 145 a factor of 10919?
False
Does 260 divide 36920?
True
Does 20 divide 1280?
True
Is 121 a factor of 19761?
False
Is 13 a factor of 10894?
True
Is 2783 a multiple of 31?
False
Does 46 divide 63020?
True
Is 73 a factor of 1559?
False
Is 126 a multiple of 3?
True
Is 69 a factor of 2422?
False
Is 10 a factor of 340?
True
Is 277 a factor of 23921?
False
Is 888 a multiple of 74?
True
Does 89 divide 4717?
True
Is 11912 a multiple of 132